2*x + 1. Let c(w) = w**3 + 103*w**2 + 107*w + 534. Calculate the remainder when c(-102) is divided by y(-1).
2
Suppose 91*y - 9523 = -2607. Calculate the remainder when 167 is divided by y.
15
Suppose 4*v + 27 = 7*v. Suppose -o = 3*t - 4*t - 25, v = o + 3*t. Let l(m) = m**2 + 10*m + 27. What is the remainder when l(-11) is divided by o?
17
Suppose 0 = -f + 5*x + 22, 3*x + 59 = -5*f + 141. Let z(y) = -y**3 - 3*y**2 - 4*y - 2. Calculate the remainder when z(-4) is divided by f.
13
Let h = -22715 + 27526. Calculate the remainder when h is divided by 29.
26
Suppose -176319 + 35119 = -12*b + 28672. What is the remainder when b is divided by 13?
12
Let p(r) = -47*r - 43. Suppose -2*j + u - 18 = -3*u, -4*u - 17 = 5*j. What is the remainder when p(j) is divided by 50?
42
Calculate the remainder when 1096 is divided by ((-4)/(-8))/(-7 - 1833/(-260)).
6
What is the remainder when 1237 + (((-96)/(-42))/((-10)/(-35)))/4 is divided by 411?
6
Suppose 8*s + 440 = 432. Calculate the remainder when 3 + 12/3 + -1 + s is divided by 4.
1
What is the remainder when 303 is divided by 56 - (-21 + 31) - (-3 - 4)?
38
Suppose -7*z + 11315 = -4183. What is the remainder when z is divided by 111?
105
Suppose -q - 4 = 0, 1581*r + 5*q - 235 = 1578*r. Calculate the remainder when 31617 is divided by r.
82
Suppose 38*u + 22632 = 62*u. Calculate the remainder when u is divided by 118.
117
Let s = -143 - -146. Suppose -44 + 5 = -s*k. Calculate the remainder when 258 is divided by k.
11
Calculate the remainder when 127 is divided by (72/(-84))/(305/77 - 4).
17
Suppose 6*o = -10*o + 2*o. Suppose 4*r - 1208 - 444 = o. Calculate the remainder when r is divided by 32.
29
Suppose -4*p - 4740 = -46*h + 42*h, -p + 5 = 0. Calculate the remainder when h is divided by 40.
30
Let h = 583 + 349. Calculate the remainder when h is divided by 67.
61
Let v = -1281 - -1332. Let o be 3/1 - (-12 - 4). Let a = 25 - o. What is the remainder when v is divided by a?
3
Let g be (-11)/(-22)*(1 + -29). Let w be (0 - 2)*1 + 5. What is the remainder when 58 is divided by (1/w*3)/1 - g?
13
Let k(m) = -m**3 + 7*m**2 - 11*m + 28. Let o be k(6). What is the remainder when 54 is divided by (-75)/(-15) - 36/o?
8
Let u(g) = 3*g**2 + 4*g + 3. Let z(c) = -111 - 9 + 40*c**2 + 43*c**2 - 56*c**2 - 145 + c**3 - 38*c. What is the remainder when u(-4) is divided by z(-28)?
5
What is the remainder when 599 is divided by (-52)/52*(-48 + -2)?
49
Suppose -4*v + 37656 = 37500. Calculate the remainder when (87 - (0 + -3)) + 0 is divided by v.
12
Suppose 12*t - 41 - 7 = 0. Suppose t*p + 2*v - 76 = -30, -v + 5 = 0. What is the remainder when 22 is divided by p?
4
Let w be ((-18)/(-4))/(1/2). Suppose -5*n + w = -16. Let s(t) = 110*t + 5832. Calculate the remainder when n is divided by s(-53).
1
Suppose 47250 = 72*s + 198*s. What is the remainder when s is divided by 30?
25
Calculate the remainder when ((-3 - 5) + (-260)/(-91))/((-6)/56) is divided by 20.
8
What is the remainder when 608 + (-13 + -39)/(-4) is divided by 200?
21
Let z(m) = -m**3 + 90*m**2 - 1953*m + 354. Suppose 0*i + 5*i = 555. Calculate the remainder when i is divided by z(36).
21
Let y = -393 + 623. Let r = y + -221. What is the remainder when 11 is divided by r?
2
Let j = -11493 - -7163. Calculate the remainder when j/(-30) - (-3)/((-45)/20) is divided by 76.
67
Let d be (22 + -10)*(-1 - (-39)/9). Suppose 0*h + 3*x + d = h, -5*x - 78 = -2*h. Calculate the remainder when 62 is divided by h.
28
Suppose 99*g = 96*g - 3, 4*y + 5*g = 8035. Calculate the remainder when y is divided by 19.
15
Let o(w) = -49*w - 1. Let y be o(-1). Let l = -64 + y. Calculate the remainder when 14 is divided by -6*9/(108/l).
6
What is the remainder when 434 is divided by 0 - -5 - -14 - (0/(-8))/2?
16
Calculate the remainder when -67*((-93)/5 - (-6 - 192/(-30))) is divided by 212.
1
Let x(a) = 3*a**2 - 23*a - 22. Suppose 9*r - 156 = -75. What is the remainder when 40 is divided by x(r)?
12
Suppose -5713 = -126*d + 3233. What is the remainder when d is divided by 56?
15
Let g = 130 + -112. Suppose 17*v = g*v - 30. What is the remainder when 88 is divided by v?
28
Let u(p) = 3*p + 3. Let c be u(-3). Calculate the remainder when -1 + (-2 - -40) + (-6)/(4/(-4)) is divided by (-1)/3 + (-68)/c.
10
Let x = 1557 + -1395. Calculate the remainder when 467 is divided by x.
143
Suppose -3*p = -4*b + 1099 + 356, -3*b - 5*p = -1084. Calculate the remainder when b is divided by 47.
34
Suppose 342*r = 88604 + 49564. Calculate the remainder when r is divided by 389.
15
Suppose -2*x + 2*d = -4*x + 3156, -x - 2*d = -1575. Calculate the remainder when x is divided by 36.
33
Suppose 3*p - 8*p + 40 = 0. Let t(i) = i**3 - 8*i**2 - 308. Calculate the remainder when t(11) is divided by p.
7
Suppose 5*q - 5*t = 90 + 95, -3*t = 2*q - 114. Calculate the remainder when 547 is divided by q.
7
Let o be (-3 + 1)/((-3)/3). Suppose -6*j - 112 = -10*j + i, -o*j = 4*i - 74. What is the remainder when j is divided by 4/(-8) - 42/(-4)?
9
Let u(b) = -191*b + 616. Calculate the remainder when 1152 is divided by u(3).
34
Let b = 8042 + -7948. Calculate the remainder when 400 is divided by b.
24
Suppose -481 = -3*w + 4*j, -2*w + 2*j + 240 = -80. Calculate the remainder when 3812 is divided by w.
155
Suppose 2*v - 3*c + 468 = 0, 4*v - 5*v + 5*c - 220 = 0. Let z(n) = 37*n. Let q be z(-4). Let p = q - v. Calculate the remainder when p is divided by 16.
12
Let n = -6185 - -6195. What is the remainder when 626 is divided by n?
6
Let t(q) = 10*q + 63. Let w = 461 + -327. Calculate the remainder when w is divided by t(-4).
19
Suppose 5*s - 38 = 2*a, 2*s = -2*a + 7 + 11. Let r = 11845 + -11790. Calculate the remainder when r is divided by s.
7
Suppose -2*k - 57 = -2*b + 67, 5*b - 320 = -5*k. Suppose 21 = 3*g - 3. What is the remainder when b is divided by g?
7
Suppose 3*s + 0 = 78. Suppose -30*y = -34*y - 2404. Let v = y - -651. Calculate the remainder when v is divided by s.
24
Let a be (3/(-2))/((-84)/23968). Suppose -10*t = -2612 - a. Calculate the remainder when t is divided by 9.
7
Suppose n - 5*z - 2662 = -1939, 1434 = 2*n - 4*z. What is the remainder when n is divided by 173?
21
Suppose -7*b = -4 - 2467. Let z = b - 346. Calculate the remainder when 47 is divided by z.
5
Let a = -1805 + 1833. Suppose 0 = -4*r + 29 + 11. What is the remainder when a is divided by r?
8
Let y = 2 + 3. Suppose 0 = -y*q + 2*q + 225. Suppose 9*i - 13*i - 4*w = -100, 5*i - 134 = 4*w. Calculate the remainder when q is divided by i.
23
Suppose -13*h + 2*u = -15*h + 1208, -3*u = h - 608. Suppose 2*i = -q + 1199, i + 0*q = -3*q + h. Calculate the remainder when i is divided by 75.
74
Suppose 42*p = 61*p - 114. Suppose -3*h + 75 = 3*x, 0 = -h - 4*x + 8*x + 20. What is the remainder when h is divided by p?
0
Let o(b) = -b**3 + 36*b**2 + 5*b - 154. What is the remainder when 216 is divided by o(36)?
8
Let y = 39 + 14. Suppose -y*k = -44*k - 36. Suppose 84 = k*n + 16. What is the remainder when 30 is divided by n?
13
Let y(k) = -k**3 + 17*k**2 + 34*k + 102. What is the remainder when 497 is divided by y(18)?
107
Suppose 3*f + 572 = 5*i + 162, -f + 5*i - 120 = 0. Let d be 11 + -4 + (0 - -242) + -3. Let c = d + f. What is the remainder when c is divided by 13?
10
Let j(y) = -35*y**2 + 1648*y - 69. What is the remainder when 429 is divided by j(47)?
69
Suppose -2221 = -17*k + 11*k - 5*b, 1123 = 3*k + 5*b. Calculate the remainder when k is divided by 180.
6
Suppose -h - 6*r + 3*r = -19, -3*h - 2*r = -22. Suppose -4*n - 4*v = -596, 0 = -h*n + 8*n + 3*v - 596. What is the remainder when n is divided by 50?
49
Let b(q) = 3*q**2 - 11*q + 5. Suppose -3*h = -2*z - 9, 5*h + 0*z - 31 = -2*z. Calculate the remainder when 99 is divided by b(h).
24
What is the remainder when 526 is divided by (2/(-4))/((12/18)/((-17068)/51))?
24
Let r = 619 - 500. Suppose 0 = 3*n - 0*n - 96. Let k = n + -2. What is the remainder when r is divided by k?
29
Let b(h) = 12*h**2 + h. Let x = 350 + -70. Let j = 301 - x. Calculate the remainder when j is divided by b(-1).
10
Suppose 45 - 27 = 3*x. Suppose x*z + 0*z - 234 = 0. Suppose 5*y = z + 11. What is the remainder when 27 is divided by y?
7
Let n = -1951 - -7870. What is the remainder when n is divided by 21?
18
Let f(l) = -2*l**3 - 5*l**2